What is the units digit of 72080?
0
What is the units digit of 545?
5
What is the hundreds digit of 494?
4
What is the hundreds digit of 3528?
5
What is the tens digit of 2080?
8
What is the units digit of 2476?
6
What is the units digit of 16418?
8
What is the hundreds digit of 142?
1
What is the units digit of 188581?
1
What is the tens digit of 24036?
3
What is the tens digit of 4397?
9
What is the hundreds digit of 931?
9
What is the thousands digit of 11793?
1
What is the tens digit of 799?
9
What is the thousands digit of 57276?
7
What is the tens digit of 19766?
6
What is the units digit of 1390?
0
What is the hundreds digit of 14202?
2
What is the units digit of 8083?
3
What is the hundreds digit of 64785?
7
What is the tens digit of 108?
0
What is the units digit of 383?
3
What is the thousands digit of 5803?
5
What is the ten thousands digit of 33796?
3
What is the hundreds digit of 22312?
3
What is the tens digit of 18657?
5
What is the hundreds digit of 78842?
8
What is the units digit of 28?
8
What is the hundreds digit of 14629?
6
What is the units digit of 478?
8
What is the units digit of 500?
0
What is the hundred thousands digit of 102166?
1
What is the hundred thousands digit of 111139?
1
What is the units digit of 431?
1
What is the thousands digit of 2519?
2
What is the thousands digit of 4049?
4
What is the tens digit of 11921?
2
What is the tens digit of 1696?
9
What is the tens digit of 986?
8
What is the units digit of 15673?
3
What is the hundreds digit of 945?
9
What is the thousands digit of 16745?
6
What is the tens digit of 28263?
6
What is the tens digit of 1573?
7
What is the units digit of 7925?
5
What is the hundreds digit of 303?
3
What is the hundreds digit of 20865?
8
What is the tens digit of 91901?
0
What is the thousands digit of 1717?
1
What is the tens digit of 2795?
9
What is the hundreds digit of 839?
8
What is the thousands digit of 15200?
5
What is the hundreds digit of 6121?
1
What is the units digit of 28101?
1
What is the hundreds digit of 3716?
7
What is the tens digit of 795?
9
What is the units digit of 1316?
6
What is the thousands digit of 15035?
5
What is the tens digit of 3959?
5
What is the tens digit of 261?
6
What is the hundreds digit of 9419?
4
What is the hundreds digit of 10211?
2
What is the hundreds digit of 230?
2
What is the units digit of 3713?
3
What is the units digit of 8134?
4
What is the units digit of 746?
6
What is the hundreds digit of 696?
6
What is the units digit of 5813?
3
What is the tens digit of 1433?
3
What is the ten thousands digit of 22385?
2
What is the hundreds digit of 1000?
0
What is the hundreds digit of 179?
1
What is the thousands digit of 44880?
4
What is the hundreds digit of 616?
6
What is the thousands digit of 3186?
3
What is the tens digit of 27248?
4
What is the tens digit of 2140?
4
What is the units digit of 7661?
1
What is the tens digit of 19727?
2
What is the tens digit of 11059?
5
What is the tens digit of 639?
3
What is the hundreds digit of 18044?
0
What is the tens digit of 4059?
5
What is the ten thousands digit of 42438?
4
What is the tens digit of 22626?
2
What is the thousands digit of 9819?
9
What is the tens digit of 29561?
6
What is the hundreds digit of 48484?
4
What is the thousands digit of 10323?
0
What is the units digit of 6398?
8
What is the thousands digit of 2428?
2
What is the thousands digit of 63622?
3
What is the units digit of 151074?
4
What is the thousands digit of 1298?
1
What is the tens digit of 520?
2
What is the units digit of 5492?
2
What is the hundreds digit of 13501?
5
What is the ten thousands digit of 32312?
3
What is the hundreds digit of 953?
9
What is the tens digit of 17542?
4
What is the thousands digit of 1141?
1
What is the units digit of 384?
4
What is the thousands digit of 15826?
5
What is the tens digit of 30297?
9
What is the hundreds digit of 795?
7
What is the thousands digit of 5131?
5
What is the thousands digit of 1515?
1
What is the hundreds digit of 725?
7
What is the thousands digit of 7494?
7
What is the tens digit of 2984?
8
What is the hundreds digit of 2618?
6
What is the hundreds digit of 18180?
1
What is the hundreds digit of 163?
1
What is the thousands digit of 16318?
6
What is the tens digit of 2397?
9
What is the units digit of 14?
4
What is the ten thousands digit of 112867?
1
What is the tens digit of 3761?
6
What is the units digit of 161?
1
What is the tens digit of 108869?
6
What is the hundreds digit of 6585?
5
What is the thousands digit of 8339?
8
What is the ten thousands digit of 12897?
1
What is the tens digit of 4610?
1
What is the hundreds digit of 2094?
0
What is the hundreds digit of 9318?
3
What is the units digit of 22352?
2
What is the units digit of 905?
5
What is the units digit of 758?
8
What is the tens digit of 4052?
5
What is the units digit of 2733?
3
What is the tens digit of 29?
2
What is the units digit of 471?
1
What is the units digit of 2625?
5
What is the units digit of 2066?
6
What is the ten thousands digit of 11099?
1
What is the hundreds digit of 3980?
9
What is the thousands digit of 3777?
3
What is the tens digit of 266?
6
What is the units digit of 147292?
2
What is the units digit of 28?
8
What is the tens digit of 23?
2
What is the thousands digit of 1085?
1
What is the thousands digit of 1611?
1
What is the hundreds digit of 1064?
0
What is the hundreds digit of 404?
4
What is the hundreds digit of 1940?
9
What is the units digit of 4561?
1
What is the units digit of 97?
7
What is the hundreds digit of 99894?
8
What is the tens digit of 1121?
2
What is the units digit of 8647?
7
What is the thousands digit of 64410?
4
What is the units digit of 992?
2
What is the tens digit of 1032?
3
What is the tens digit of 410?
1
What is the tens digit of 62193?
9
What is the hundreds digit of 21347?
3
What is the thousands digit of 5354?
5
What is the tens digit of 164?
6
What is the hundred thousands digit of 103675?
1
What is the thousands digit of 44997?
4
What is the tens digit of 2298?
9
What is the units digit of 1669?
9
What is the ten thousands digit of 18350?
1
What is the hundreds digit of 8336?
3
What is the thousands digit of 6325?
6
What is the units digit of 45085?
5
What is the hundreds digit of 16218?
2
What is the thousands digit of 2246?
2
What is the tens digit of 717?
1
What is the thousands digit of 65780?
5
What is the thousands digit of 7899?
7
What is the hundreds digit of 6860?
8
What is the tens digit of 14372?
7
What is the ten thousands digit of 24621?
2
What is the hundred thousands digit of 121199?
1
What is the tens digit of 78?
7
What is the thousands digit of 2698?
2
What is the units digit of 7513?
3
What is the hundreds digit of 80183?
1
What is the tens digit of 1451?
5
What is the tens digit of 2222?
2
What is the thousands digit of 11096?
1
What is the tens digit of 1682?
8
What is the thousands digit of 29546?
9
What is the thousands digit of 131838?
1
What is the thousands digit of 5910?
5
What is the hundred thousands digit of 122260?
1
What is the tens digit of 837?
3
What is the units digit of 784?
4
What is the tens digit of 583?
8
What is the hundreds digit of 866?
8
What is the thousands digit of 31581?
1
What is the hundreds digit of 6099?
0
What is the units digit of 19721?
1
What is the hundreds digit of 18714?
7
What is the thousands digit of 7133?
7
What is the hundreds digit of 2877?
8
What is the thousands digit of 3320?
3
What is the hundreds digit of 291?
2
What is the ten thousands digit of 21286?
2
What is the hundreds digit of 45949?
9
What is the units digit of 200?
0
What is the tens digit of 1259?
5
What is the tens digit of 32884?
8
What is the hundreds digit of 566?
5
What is the thousands digit of 23529?
3
What is the units digit of 304?
4
What is the thousands digit of 68012?
8
What is the ten thousands digit of 118508?
1
What is the units digit of 46242?
2
What is the thousands digit of 32875?
2
What is the units digit of 86522?
2
What is the hundreds digit of 568?
5
What is the thousands digit of 1218?
1
What is the units digit of 687?
7
What is the ten thousands digit of 12018?
1
What is the tens digit of 97636?
3
What is the thousands digit of 3766?
3
What is the tens di